
7
Calculate (-1 - -7) + (-167 - -170).
9
What is -1 + -1 + (17 - -3 - 7)?
11
What is the value of -16 - (-19 - -24 - (13 + -2))?
-10
What is the value of -15 + (0 - (12 + -8) - -8)?
-11
Calculate (17 - 40) + 22 - (0 + 0).
-1
What is the value of -1 + -10 - (6 + 58 - 66)?
-9
-12 - ((1 - -11) + (30 - 43))
-11
What is the value of 27 - (-58 + 24 + 30)?
31
-3 + (-10 - -5) - (3 + -3)
-8
What is -4 + 6 + -1 - (-15 - -30)?
-14
(10 - 4) + (-4 + 4 - -2)
8
What is -1 + 0 + (9 - -5)?
13
What is the value of 6 - ((-3 - -4) + 2) - (106 + -109)?
6
Evaluate (-3 - 0) + (121 - 122) - -14.
10
(-2 - (1 - 0)) + (-11 + -2 - -5)
-11
What is 1 + -8 - (-286 + 284)?
-5
What is 355 + -326 + (1 - 24)?
6
Evaluate 6 + 1 + (9 + -2 - 1).
13
Evaluate 3 - (-2 + -16 + 33).
-12
What is the value of 2 + 7 + 1 + 8 + -8 + 2?
12
Calculate 30 + -10 + -7 + -5 + -32.
-24
Calculate (1 - -5) + (6 - 9) - -9.
12
Evaluate -1 + (-1 - (-3 - 14)) + (6 - 9).
12
(5 - 42) + 100 + -79
-16
What is -60 + 72 + -19 + -1?
-8
Evaluate -1 + ((6 - (4 + -2)) + 1 - 16).
-12
Evaluate (2 - -1) + (0 + -1 - 18).
-16
20 + -8 + (4 - (-10 - -19))
7
Evaluate -23 + (-9 + (6 - 4) - -12).
-18
-19 - (-2 + -5 - -1) - -7
-6
Evaluate 16 + -5 + 7 + -1 + -19 + 7.
5
What is 0 - 6 - ((-7 - -9) + 6 - -1)?
-15
(-30 - -19) + -4 + 14 + -3
-4
Evaluate 12 + -12 + 23 - -10 - 3.
30
Calculate 1 + (7 + -8 - (5 - -1)) - 3.
-9
What is (2 - -3) + ((-11 - -5) + 6 - 12)?
-7
What is 7 + (10 - 9 - 8 - (-4 + 2))?
2
Evaluate -2 + -16 + 10 - 14.
-22
What is the value of 3 - (-14 + 4 - (2 + 4 - 5))?
14
What is -27 - (-11 - -18 - 53)?
19
Calculate (43 - (124 + -44)) + 54.
17
Calculate (1 - 34 - -27) + (-2 - 13).
-21
Evaluate 18 + -12 - (2 - (-1 - -4)).
7
Evaluate 8 - 1 - (-49 - -35) - 9.
12
Calculate 3 - -1 - 1 - (252 + -231).
-18
Evaluate -23 - -11 - -29 - (-12 - (4 + -11)).
22
(0 - -3) + -6 + (17 - (22 - 9))
1
What is -7 - 7 - -27 - -6?
19
Calculate (7 - (-5 + -1 + 5)) + -15 - -31.
24
What is (43 - 2) + 243 + -261?
23
(-11 - (-8 + 3)) + -1 - -13
6
(1 - 0) + (0 - -1) + (-19 - -16)
-1
What is the value of 37 - (25 - (-17 + 30))?
25
-4 - (-16 + (-11 - -49) - -12)
-38
What is -1 + 4 + -230 + 230?
3
Calculate 5 + (15 - (10 + 3 + 10)).
-3
(-12 + 4 - -9) + 7
8
(-1 - 0) + 16 + (93 - 137) + 39
10
Calculate -2 + 9 + -8 + -1 - -2.
0
Evaluate -48 - -42 - (5 + -3 + -15).
7
Evaluate (1 - (-7 + 0)) + (-46 + 57 - -9).
28
What is the value of -4 + -7 + -2 - -13?
0
Evaluate (0 - (1 - -17)) + 1391 + -1391.
-18
What is 6 + 11 + -25 + 11?
3
What is the value of (-9 - -29) + -25 - -32?
27
25 + (6 - 13 - -17 - 16)
19
Evaluate 6 + -37 + (10 - 17 - -10 - -4).
-24
Evaluate 2 + 61 + -892 + 867.
38
Evaluate (-5 - 1) + -2 + (-4 - 15 - -21).
-6
Evaluate (1 - -1 - 12) + -29 + 1 + 36.
-2
Calculate (-13 - (-25 - (5 - 17))) + (-4 - -12).
8
What is the value of -13 - (-9 + 1 + -3)?
-2
What is the value of -22 + (7 + -4 - (4 + -2 + 3))?
-24
What is the value of 12 - (13 - (9 - 10))?
-2
Evaluate 8 + (-7 - -5 - 7 - 3).
-4
Calculate 5 - -5 - (2 + -2).
10
What is 8 - (1 - 1 - (39 - 41))?
6
Calculate 18 - (11 + -14 - -15).
6
What is 38 + -33 + (6 - 0) - (9 - -24)?
-22
Calculate 180 + -179 + (1 - 12).
-10
What is the value of (18 - -3) + (1 - 5) - 6?
11
What is -9 - 1 - ((-5 - 21) + 32)?
-16
What is the value of 12 - (-7 + 1 - (-17 - 1))?
0
What is the value of 34 - (-3 + (1 - -4) + (22 - 15))?
25
What is the value of -41 - (6 + -22 + -5)?
-20
30 + 0 - (32 + (-9 + 15 - 26))
18
What is 2 - (25 + -7 + -10)?
-6
6 + -17 + (8 - 4) + 8 - 7
-6
What is the value of 2 + -1 - (-1 + 0 + 2 + 8)?
-8
What is -34 + 1 + 12 + -16?
-37
Calculate -6 + 25 + -25 + -2.
-8
30 - (-7 - -23) - -4
18
What is (20 - (2 + 9)) + 2 + 6?
17
Calculate 11 - (13 + 1) - -18.
15
Calculate -8 + -5 + (-1 - -4 - -9) + -13.
-14
Calculate (1 - -13) + (18 - (-26 - -48)).
10
What is the value of -13 + 1 + (15 - 22 - -12)?
-7
Evaluate 10 + (0 - -1) + (756 - 769).
-2
What is the value of -6 + (57 + -65 - (-21 + 2))?
5
What is the value of -29 + -13 + 28 + 17?
3
What is the value of (8 + -8 - -2) + 0 - (-3 - 10)?
15
Calculate (0 - 1 - (-43 + 36)) + (-32 - -16).
-10
Calculate 15 + -1 - (366 - 344).
-8
What is the value of -16 - (-1 + -11) - (1 + -1)?
-4
What is the value of 135 + -134 + -1 + -1?
-1
What is the value of -12 + (9 - 3) + 1 - -3 - 28?
-30
What is (-9 + -4 - -13) + 38 + 0 - 10?
28
-2 - -17 - (-64 + 97)
-18
(-26 - (-13 - 9)) + (-5 - -2)
-7
Evaluate 8 + (-25 + 16 - 8).
-9
Calculate (-1 - 18) + (-13 - -3) + 8 + 7.
-14
What is 9 + (2 - (23 - 9)) + 4?
1
Calculate (2 + (1 - -4) - 0) + 1 + -18.
-10
Evaluate -5 + -2 + -3 + (-29 + 4 - -4).
-31
What is (-17 - -9) + 3 - -6?
1
What is 3 + 7 + -14 + 12 + 8?
16
(62 - (29 + 30)) + (1 - 20)
-16
Evaluate 3 - 2 - (-4 + -2 + 4) - -8.
11
Calculate -14 + 3 - ((4 - 0) + -9).
-6
Calculate -24 + 6 + -2 + -7 + -1 + 15.
-13
What is the value of 14 + (3 + -11 + 10 - 8)?
8
Calculate -16 + 31 + -15 + 13.
13
3 + (0 - 2) + -6 - (8071 + -8081)
5
Calculate (-230 + 226 - (-15 + 1)) + (-1 - 0).
9
What is 11 - (10 - 0) - (-2 + -3)?
6
What is the value of 13 - ((-7 - -1 - -3) + (0 - -3))?
13
-3 + -3 - (10 + -6 + -4)
-6
What is the value of 8 + (6 - (-6 - -17)) + -4?
-1
11 - (4 - -6) - -2
3
Calculate 4 + -1 + -12 + (3 - -2).
-4
What is 1 + -4 - (-6 - (25 + -30))?
-2
Calculate -5 - (-7 + 12 - (0 - -5) - 1).
-4
What is the value of 9 + -1 - 15 - -6 - (14 - -3)?
-18
-12 - (-2 + 0 + (0 - 10 - -13))
-13
Evaluate 47 - (-30 - (-73 - -13)).
17
What is the value of -4 + (2 - 13) + 30 + -11?
4
What is the value of 4 + -5 + 121 + -107?
13
Evaluate 2 + 2 + (10 - (11 - (0 - 13))).
-10
18 + (-6 - -12 - 22)
2
What is (-10 + 14 - (15 - 1)) + (-165 - -147)?
-28
-7 + -17 - (-43 - -2)
17
Evaluate (-4 - (7 - 18)) + -5 + 6 - 20.
-12
What is the value of -15 - (-5 + -7 - -2)?
-5
What is -448 + 480 + 2 + 1?
35
Calculate -20 - 6 - (47 - 83).
10
Calculate 2 - (6 - 20 - -13).
3
What is the value of 0 + -19 - (428 + -437)?
-10
What is -3 - (-12 - -8 - 5)?
6
Calculate 20 + (-4 - 15) - 1.
0
What is the value of 2 + ((3 - 2) + 0 - -6)?
9
4 + 10 + -12 - -8
10
What is -22 - (8 + -16 + (4 - 0 - -4))?
-22
Evaluate -10 + -3 + (31 - 16) + -8.
-6
What is 7 + (-13 - 1) + (-68 - -73)?
-2
What is -3 - (11 + (-3 - 1) + -1)?
-9
What is (-2 - 0 - -8) + (11 - (5 + 29))?
-17
What is -2 - 0 - (-7 + (19 - (4 + 3)))?
-7
What is -382 + 417 - (-1 - -60)?
-24
Evaluate 8 - ((-8 - -33) + 4 + -5).
-16
What is (12 - 13) + (17 - 18) + 28?
26
What is (2 - -7 - -10) + (0 + 11 - 8)?
22
8 - (2 + 0) - (24 - -12 - 30)
0
Evaluate 25 + 2 + 2 + 7 + (2 - 3).
35
(-24 - 0) + (-472 - -486)
-10
-32 + 31 + (2 - (0 - -5))
-4
Calculate (-14 - 2) + (-9 - -36).
11
Evaluate -4 + (-17 - -17) + 1.
-3
Calculate 43 + (-2 - 16) + -14.
11
Evaluate 16 + 5 + -27 - (-4 + (-5 - -3)).
0
Calculate -704 - -675 - (0 - 41).
12
What is -84 - -140 - (33 + 2)?
21
What is 11 - (-4 + (-39 - -41 - (3 - 0)))?
16
Calculate (177 - 178) + (13 + 3 - 2).
13
What is -15 + 10 - (4 - 9)?
0
Evaluate -3 + 5 + (6 - 3) + (-12 - -2).
-5
((8 - 39) + 4 - -3) + 7
-17
Calculate 0 - (6 + -1 + (4 + 6 - 5)).
-10
What is -39 - ((-34 - -7) + 26)?
-38
What is the value of 24 + -13 + -9 + -4 - (-13 - -1)?
10
What is 30 + (-10 - 15) - 27?
-22
Calculate (8 + (2 - 2) - 7) + -8 + -9.
-16
-18 - (-7 - (16 + -20 + 11))
-4
What is (7 - (21 - 10)) + -10 - (-2 - 4)?
-8
Evaluate (11 - 21 - -12 - 24) + 7.
-15
Calculate (2 - 8) + 2 + 1 - -2 - 5.
-6
Calculate 4 + (-21 - (2 - 3)) - (83 + -89).
-10
Evaluate 8 + -6 + (3 + -5 - 1).
-1
-14 + 12 + -24 + 30
4
What is -16 + (6 - (0 + -1 + (9 - -10)))?
-28
What is (19 - (-5 - -1)) + (9 - -13) + -32?
13
-7 + 11 + -26 + 12
-10
What is the value of 22 - ((-16 - -36) + 13)?
-11
Calculate 22 + ((7 - (17 - 2)) + 5 - -3).
22
Calculate -16 + -24 + 51 + 9.
20
What is the value of 16 + (-9 - -15) + -3 + -1 + -7?
11
Evaluate -51 - -57 - 0 - (-3 + (-1 - 3)).
13
What is the value of (9 - 3 - -5) + -6 - 7 - -2?
0
(-8 - -8) + 8 + -3 - (0 + -4)
9
Evaluate 19 + -9 + (19 - 12).
17
Calculate (0 + -4 - (14 + -8 - 6)) + -28.
-32
What is 2 - (12 + -24 + 17 - -11)?
-14
Evaluate -7 + (13 - (-7 + 7) - -1).
7
Calculate (6 - 5) + (-3 - -2) + 20 + -18.
2
What is the value of 12 - (28 + -1) - (-22 - 6)?
13
8 + (12 - 16 - -1) + -4
1
What is -3 + (-6 - -10) + 0 + 6?
7
177 + -194 + -3 + 8
-12
Evaluate 6 - (33 - (21 + 5)).
-1
C